-8)) + 2. Suppose -3*r - 30 = -5*r. What is the greatest common factor of r and k?
3
Suppose u = 1 + 3. Calculate the greatest common divisor of u and 4.
4
Let u = 9 - 5. Suppose 90 = u*b + 5*l, -b + 4*l = 3*b - 72. Calculate the greatest common divisor of b and 8.
4
Let u be (-446)/(-8) - 0 - 6/(-24). Calculate the greatest common divisor of u and 14.
14
Suppose 0*h - h = 50. Let y be (-10)/h + 88/10. What is the greatest common factor of y and 27?
9
Suppose -7 = -3*v + 2. What is the highest common factor of v and 1?
1
Suppose -5*z - 2*j = -35, 3*z - 2*j = -2*z + 35. What is the highest common factor of 49 and z?
7
Let a(y) be the first derivative of y**3/3 - 3*y**2/2 - 2*y + 3. Let o be a(6). What is the highest common divisor of 40 and o?
8
Let g(b) = 80*b**2 - 5*b - 6. Let s be g(-2). What is the greatest common divisor of 36 and s?
36
Let g be 6/(-5)*(-40)/(-12). Let l be ((-2)/(-2))/(g/(-56)). Let h = 173 - 61. What is the greatest common factor of h and l?
14
Let y = 15 + -4. Let p(u) = 5*u - 20. Let b be p(y). Suppose c - 4*c = -21. What is the greatest common factor of c and b?
7
Let b = 37 + 27. Suppose -2*h + b = 2*h. Let m be ((-48)/5*-1)/(21/70). Calculate the highest common divisor of m and h.
16
Suppose 1 + 7 = 2*n. Suppose 0 = 2*i, -288 = -4*o - n*i + i. Calculate the highest common factor of o and 8.
8
Suppose 0 = 2*t + 2*t + 12, -5*q + 112 = t. Suppose -2*r = -7 - q. Calculate the highest common divisor of 135 and r.
15
Let k = -3 - -6. Suppose k*a - 5*a = -340. Let j = a - 71. What is the highest common divisor of j and 9?
9
Let g(t) = 3*t + 26. Let k be g(6). Calculate the highest common divisor of k and 4.
4
Suppose -4*z + 3*f = -2035, z + z + 4*f = 1012. Suppose 4*q = -i - 4*i + z, -i + 89 = 5*q. Calculate the highest common divisor of 26 and i.
26
Let q be (-3)/(-12) + (-165)/(-12). Let n(t) = -3*t**2 + 6*t + 4*t**2 - 1 + 3. Let v be n(-6). What is the highest common divisor of q and v?
2
Let s(y) = -y**3 - y**2 - y + 54. Let z be s(0). Let u = -3 + 7. Let q = u - -14. What is the greatest common factor of z and q?
18
Let z(m) = -m**3 - 9*m**2 - 7*m + 8. Let o be z(-8). Let n = 0 - o. Suppose -120 = -4*g - n*g. Calculate the highest common factor of 15 and g.
15
Let y(u) = u**2 - 8*u - 19. Let c be y(10). What is the greatest common factor of 1 and c?
1
Let x = 22 - 7. Let d(z) = 2*z + 2. Suppose 8 + 12 = 5*o. Let b be d(o). Calculate the highest common divisor of b and x.
5
Let n(s) = 5*s**2 - s - 5. Let f be n(-4). Let r = f - 34. Suppose -3*w - 2*y = -26 - 27, 4*y = -3*w + 61. What is the greatest common factor of w and r?
15
Suppose 0 = -h - h + 32. Suppose 0 = 3*s - 3*z - 6, 5*s + 0 = 3*z + h. Suppose 2*r = -q - 1 + 8, 4*q = s*r + 2. What is the greatest common divisor of 2 and r?
2
Let y(i) be the first derivative of -3*i**3 + 3*i**2/2 + 2*i - 3. Let l be y(-2). Let n = l - -60. What is the highest common divisor of 60 and n?
20
Let t(w) = 15*w**2 + w - 4. Let d be t(-3). Suppose -45 = -4*o + 19. What is the highest common divisor of d and o?
16
Let s be -3 + 1 - 8/(-2). Suppose -3*f = 4*r - 39, -f - s*f = -2*r - 21. Let w = -71 - -116. What is the greatest common factor of w and f?
9
Suppose -2*v + 4*f = -6*v + 8, -3*v + 2*f - 4 = 0. Suppose 4*c - 140 - 68 = v. Let l = 9 + 4. Calculate the highest common divisor of l and c.
13
Suppose i + 2*i = 252. Let n(z) = 7*z - 2. Let d(u) = u + 9. Let x be d(-7). Let m be n(x). What is the greatest common divisor of i and m?
12
Let i = 88 - 60. Suppose -4*q + 32 = -i. Let r = 194 + -74. Calculate the highest common factor of q and r.
15
Let f be (-340)/(-25) + 2/5. Suppose f - 70 = -2*d. Calculate the greatest common divisor of d and 7.
7
Suppose -a = -143 - 19. Let t(p) = p**3 - 5*p**2 - 3*p. Let w be t(6). What is the highest common factor of w and a?
18
Suppose 3*q - 60 = -2*o, -3*o + 2 + 7 = 0. Calculate the greatest common divisor of 72 and q.
18
Suppose 0 = -3*l - 2 + 23. What is the highest common divisor of l and 14?
7
Suppose 4*q - 123 = s, 3*q - s - 2*s = 90. Suppose n - 2*n - q = -5*b, n - 25 = -3*b. What is the greatest common divisor of b and 1?
1
Let g(p) be the second derivative of -31*p**5/20 - p**4/6 + p**2/2 + 4*p. Let u be g(-1). What is the highest common factor of u and 12?
6
Suppose 5*g + 34 + 16 = 5*y, -3*g + 3 = 0. Calculate the greatest common divisor of y and 33.
11
Let d(f) = -4*f. Let w be d(-4). Let k(l) = -2*l - 40. Let x be k(-21). Calculate the greatest common factor of w and x.
2
Let r(o) = -2*o - 1. Let d be 2/(-1) - -4 - 3. Let y be r(d). Suppose -3*g = 2*i - y, -g + 23 = -i - 4*i. What is the highest common divisor of 12 and g?
3
Let g(y) = y**2 - 14*y + 17. Let l be g(14). Calculate the greatest common divisor of 85 and l.
17
Let r be (2 + -1)*0/(-1). Suppose 3 = -r*c + 3*c. Calculate the highest common factor of c and 3.
1
Let d = 48 + -26. Calculate the greatest common divisor of d and 55.
11
Let u = 1 + -5. Let f be (u/(-8))/(1/20). What is the greatest common divisor of 10 and f?
10
Suppose 3 = -o + 5. Suppose -4*g = -o*g - 96. Calculate the highest common factor of 6 and g.
6
Suppose 0 = -4*g - 5*a + 119, -154 = -5*g - 4*a - 12. Calculate the highest common divisor of 39 and g.
13
Let p be 10 - -2 - 12/(-4). Calculate the highest common factor of p and 15.
15
Let a be 50/4*2/(-4)*-4. Calculate the highest common divisor of a and 10.
5
Let z be 4/((-3)/(2 + 1)). Let q be 234/15 - z/10. Calculate the highest common factor of 40 and q.
8
Let m(j) = -8*j. Suppose 6*r + 20 = r. Let l be m(r). Let i = 187 - 107. What is the highest common divisor of i and l?
16
Let k(v) be the second derivative of v**4/3 + v**3/6 - 2*v. Let i be k(-1). What is the highest common factor of i and 21?
3
Let t = 105 + -201. Let w = 175 + t. Let o = w - 51. Calculate the greatest common factor of o and 42.
14
Let l = 12 + 16. Let s be (-12)/(-8)*(0 + 2). Suppose s*y - 16 = -4. Calculate the highest common divisor of y and l.
4
Let m be 3/3 - (0 - -1). Suppose m = -4*r + 4 + 44. Let t be (-8)/(-32) + (-670)/(-8). What is the greatest common factor of t and r?
12
Let o = 14 + -8. Let l be 8/6 + (-495)/27. Let s = 35 + l. Calculate the greatest common divisor of s and o.
6
Let z = 9 - 4. Let f = -2 + z. Suppose d = -2*p + 34, -f*p + 154 = 4*d - p. What is the highest common divisor of d and 5?
5
Let v(k) = -k**3 - 7*k**2 - 10*k - 5. Let p be v(-7). What is the highest common factor of p and 26?
13
Suppose -5*l - 13 = -8. Let x be (0 - l/(-3))*-3. What is the highest common divisor of x and 2?
1
Let f = 147 + -142. Let z(j) = j**3 + 4*j**2 - 4*j + 7. Let y be z(-5). Let c = y + 3. Calculate the highest common factor of f and c.
5
Let w be 1*(-1 + 0) + -2. Let d = w - -17. Calculate the greatest common divisor of d and 140.
14
Let d(n) = -n**3 - 12*n**2 - 12*n - 5. Suppose z + 11 = -0. Let k be d(z). Calculate the highest common factor of 3 and k.
3
Let q = 40 + -56. Let w = q + 19. Let o(s) = -s**3 + 7*s**2 - 4*s. Let j be o(6). Calculate the greatest common divisor of w and j.
3
Suppose 0 = k + k - 18. Let t(n) = n**2 + 2*n - 1. Let q be t(-5). Let i = q - 8. What is the highest common divisor of i and k?
3
Let j be (32/10)/(7/35). Suppose -4*f + 67 = a, 4*f + 2*a - 58 = 4*a. What is the highest common factor of f and j?
16
Let r(j) = 2*j**2 + 2*j + 2. Let q(w) = 0*w + 4*w - w**2 - 2*w. Let k be q(3). Let i be r(k). Calculate the highest common factor of i and 7.
7
Suppose -3*j = -4*h + 49 - 3, 0 = -4*h + 4*j + 48. What is the highest common factor of 10 and h?
10
Suppose c - 2*g = -0*c + 20, -c = 4*g + 4. Suppose -96 = -0*w - w. Calculate the highest common factor of w and c.
12
Suppose 5*w = 21 + 159. Calculate the highest common factor of w and 9.
9
Suppose 2*j + 4 - 14 = 0, y = j. Suppose w = y*w - 2*d + 10, -2*d - 5 = w. Let v = 10 - w. What is the highest common divisor of 13 and v?
13
Let r be 1*6*(-90)/(-6). Calculate the greatest common factor of r and 10.
10
Suppose -6*w = 6*w - 120. Calculate the greatest common divisor of w and 40.
10
Let l be 24/(-1)*(-6 - 2). What is the highest common divisor of 24 and l?
24
Suppose 5*f + 2*y = 256, -5*y + 10*y - 146 = -3*f. What is the greatest common factor of 26 and f?
26
Let i(k) = 2*k + 2. Suppose 67 = 4*